{"id":2,"date":"2011-02-15T16:59:56","date_gmt":"2011-02-15T16:59:56","guid":{"rendered":"http:\/\/www.divertimundo.es\/elcomeresunplacer\/?page_id=2"},"modified":"2011-11-27T18:50:49","modified_gmt":"2011-11-27T18:50:49","slug":"acerca-de","status":"publish","type":"page","link":"http:\/\/www.divertimundo.es\/comeryleeresunplacer\/?page_id=2","title":{"rendered":"Presentaci\u00f3n"},"content":{"rendered":"<p><a href=\"http:\/\/www.divertimundo.es\/comeryleeresunplacer\/wp-content\/uploads\/2011\/02\/Presentacion.jpg\"><img decoding=\"async\" loading=\"lazy\" width=\"300\" height=\"225\" class=\"alignleft size-medium wp-image-43\" title=\"Presentacion\" src=\"http:\/\/www.divertimundo.es\/comeryleeresunplacer\/wp-content\/uploads\/2011\/02\/Presentacion-300x225.jpg\" alt=\"\" srcset=\"http:\/\/www.divertimundo.es\/comeryleeresunplacer\/wp-content\/uploads\/2011\/02\/Presentacion-300x225.jpg 300w, http:\/\/www.divertimundo.es\/comeryleeresunplacer\/wp-content\/uploads\/2011\/02\/Presentacion.jpg 600w\" sizes=\"(max-width: 300px) 100vw, 300px\" \/><\/a>Sevilla 17 de\u00a0Febrero del 2011<\/p>\n<p>Mi\u00a0nombre es To\u00f1y\u00a0en Enero cumpli 52 a\u00f1os y desde muy\u00a0joven me ha gustado coleccionar recetas y poco a poco ir prob\u00e1ndolas seg\u00fan selecci\u00f3n y tiempo.<\/p>\n<p>Siempre que pod\u00eda me compraba o regalaban libros de recetas, incluso tengo una colecci\u00f3n por fasc\u00edculo.<\/p>\n<p>Tengo recetas en archivadores escritas a m\u00e1quina, recortes de revistas, recorto todas las recetas que viene en paquetes de sugerencia por la marca en concreto, y en casi todos los libros, tengo escrito cosas a l\u00e1piz o se\u00f1alizadas con alg\u00fan papel para poder encontrarlas mejor.<\/p>\n<p>Al principio como solo ten\u00eda una m\u00e1quina de escribir, me pon\u00eda a leer las recetas y hac\u00eda una selecci\u00f3n y las escrib\u00eda a m\u00e1quina y guardaba en un archivador. M\u00e1s tarde cuando tuve el ordenador las escrib\u00eda y guardaba en un archivo.Cuando llego internet, me puse a hacer mis pinitos y crear p\u00e1ginas Web.Tengo actualmente varias p\u00e1gina Web personales, y dos de ellas son solo de recetas de cocinas.<\/p>\n<p>Algunas recetas son m\u00eda por completo, otras son adaptaciones a nuestros gustos, otras las originales y otras seg\u00fan las necesidades \u201cr\u00e1pidas\u201d, ya que trabajando hay poco tiempo si quieres dedicarte a varias cosas.<\/p>\n<p>Ahora he visto que est\u00e1 muy de moda tener un Blog y me he dicho \u00bfpor qu\u00e9 no tener uno?<\/p>\n<p>S\u00e9 que nada es f\u00e1cil, pero con ganas y entusiasmo, intentar\u00e9 que este Blog funcione y poder compartir con m\u00e1s gente mi afici\u00f3n y recibir sugerencia y an\u00e9cdotas.<\/p>\n","protected":false},"excerpt":{"rendered":"<p>Sevilla 17 de\u00a0Febrero del 2011 Mi\u00a0nombre es To\u00f1y\u00a0en Enero cumpli 52 a\u00f1os y desde muy\u00a0joven me ha gustado coleccionar recetas y poco a poco ir prob\u00e1ndolas seg\u00fan selecci\u00f3n y tiempo. Siempre que pod\u00eda me compraba o regalaban libros de recetas, &hellip; <a href=\"http:\/\/www.divertimundo.es\/comeryleeresunplacer\/?page_id=2\">Sigue leyendo <span class=\"meta-nav\">&rarr;<\/span><\/a><\/p>\n","protected":false},"author":1,"featured_media":0,"parent":0,"menu_order":0,"comment_status":"open","ping_status":"open","template":"","meta":[],"_links":{"self":[{"href":"http:\/\/www.divertimundo.es\/comeryleeresunplacer\/index.php?rest_route=\/wp\/v2\/pages\/2"}],"collection":[{"href":"http:\/\/www.divertimundo.es\/comeryleeresunplacer\/index.php?rest_route=\/wp\/v2\/pages"}],"about":[{"href":"http:\/\/www.divertimundo.es\/comeryleeresunplacer\/index.php?rest_route=\/wp\/v2\/types\/page"}],"author":[{"embeddable":true,"href":"http:\/\/www.divertimundo.es\/comeryleeresunplacer\/index.php?rest_route=\/wp\/v2\/users\/1"}],"replies":[{"embeddable":true,"href":"http:\/\/www.divertimundo.es\/comeryleeresunplacer\/index.php?rest_route=%2Fwp%2Fv2%2Fcomments&post=2"}],"version-history":[{"count":15,"href":"http:\/\/www.divertimundo.es\/comeryleeresunplacer\/index.php?rest_route=\/wp\/v2\/pages\/2\/revisions"}],"predecessor-version":[{"id":912,"href":"http:\/\/www.divertimundo.es\/comeryleeresunplacer\/index.php?rest_route=\/wp\/v2\/pages\/2\/revisions\/912"}],"wp:attachment":[{"href":"http:\/\/www.divertimundo.es\/comeryleeresunplacer\/index.php?rest_route=%2Fwp%2Fv2%2Fmedia&parent=2"}],"curies":[{"name":"wp","href":"https:\/\/api.w.org\/{rel}","templated":true}]}}